3 - 1536*f**2 + f + 3044*f**2 + 4. Calculate i(34).
4
Let b(s) be the first derivative of s**3/3 + 5*s**2/2 - s + 1. Let z be (-1)/(((-136)/(-8))/68). Determine b(z).
-5
Let s be (-2)/(-4) + 549/122. Let u(a) = a**3 + 4*a**2 - 4*a + 7. Let g be u(-5). Let x(w) = 7*w - 1 + 0*w**2 - 2 - w**g. Calculate x(s).
7
Let m(n) = -2*n**2 - 22*n - 6. Let y be m(-11). Let s(f) = -7*f**2 + 9*f + 3. Let i(z) = 6*z**2 - 8*z - 3. Let w(p) = y*i(p) - 5*s(p). Give w(-2).
-7
Suppose -4*o + 328 = 16. Suppose 40*r - 37*r - o = 0. Let v = r + -33. Let w(y) = y**2 + 7*y + 2. Determine w(v).
2
Let p(u) = -u**3 + u**2 + u + 5. Let s(f) = 4*f + 1. Let z(b) = 30*b + 74. Let m(y) = -4*s(y) + z(y). Let l be m(-5). Determine p(l).
5
Let o(w) = -19 - 3*w**2 + w + 35 + 4*w**2 - 15. Let y be (-10)/5 + (-3)/1 + 2. Determine o(y).
7
Suppose 0 = 5*h - 5*r, 13*r = -2*h + 10*r. Let k(a) be the third derivative of -1/120*a**6 + 7/6*a**3 - 11*a**2 + 0*a - 1/12*a**5 + 0*a**4 + h. What is k(-5)?
7
Let a = -1 - -4. Let z(d) be the third derivative of -d**4/24 - 66121*d**2. Calculate z(a).
-3
Let m = -99 - -104. Let h be (0 - (m + -6))*-5. Let u(b) = b**3 + 5*b**2 + 2*b + 5. Calculate u(h).
-5
Let k = 2191 + -2187. Let z(r) = -4*r**2 + r**2 - 6*r + 5*r**2. Give z(k).
8
Let z(q) = -q**3 + 7*q**2 - 3*q - 5. Let r be z(6). Suppose 0 = -4*k - x + 12, 5*k - r - 2 = x. Let d(g) = -g**2 + 5 - g + k + 7*g**3 - 2 - 5. What is d(1)?
6
Suppose -4*q + 736*l = 741*l + 68, -9*l - 72 = 0. Let m(j) be the third derivative of j**6/120 + 2*j**5/15 + 7*j**4/24 - j**2. Give m(q).
0
Let a(n) = n - 2. Let m(t) = 12*t - 5. Let p(i) = 45 - 7*i + i**2 - 41 - 6*i. Let y(d) = 4*m(d) + 3*p(d). Let o be y(-4). Give a(o).
2
Let d(k) = 19*k**3 - 33*k**2 + 32*k - 150. Let n(q) = -8*q**3 + 17*q**2 - 17*q + 68. Let i(y) = 3*d(y) + 7*n(y). Give i(-21).
68
Let f(l) be the second derivative of l**4/12 - 2*l**3/3 + l**2/2 + 19*l. Let a = 3044 + -3039. Calculate f(a).
6
Let f(a) = -2*a**2 - 87*a - 685. Let r be f(-33). Let b(m) = 8*m - 32. What is b(r)?
32
Let q(f) = 53*f + 32. Let z be (-6 - (-1144)/198)*(-18)/(-4). Calculate q(z).
-21
Suppose 4*g + 32 = -368*x + 366*x, 9*g - 3*x = -27. Let w(v) = 3*v**3 + 8*v**2 - v - 3. Calculate w(g).
-173
Suppose 10*q + 2*f + 22 = 8*q, 3*q - 5*f = 7. Let o(i) = i**3 + 6*i**2 + 9*i + 12. Determine o(q).
-42
Let r be 2 + (-3 - -4)/1. Let j(z) = 8*z - 1. Let h(w) = 704 - 707 + 10*w + 16*w + 0*w - w. Let k(y) = r*h(y) - 8*j(y). Determine k(1).
10
Let f(u) = -4*u - 1. Let c(o) = 4*o. Suppose -5*v + 13*v = -8. Let y(r) = v*f(r) - 2*c(r). Let m = 2 + 2. Determine y(m).
-15
Let s(h) = h**2 - 5. Suppose 2*l - a = 22, 2*l - 4*l = 4*a - 32. Suppose 2*t = t + 4*v - l, -4*v = -3*t - 12. What is s(t)?
-5
Suppose 2 = b + i, -10 = 4*i - 30. Let s be (-1)/2 - b/(-6). Let m(j) = -7*j**3 - j**2 + j + 2. Let k be m(s). Let p(q) = -q. What is p(k)?
-7
Let r(x) = x**3 + 4*x**2 - 7*x + 4. Let l be (-10)/((1040/39)/(-8)). Give r(l).
46
Let b(i) = 4*i**2 - 14*i + 119. Let x(y) = 11*y**2 - 45*y + 331. Let v(a) = -8*b(a) + 3*x(a). Give v(2).
-1
Let o(m) = 3*m + 16. Let q(j) = -j + 13. Let c(s) = -o(s) + q(s). What is c(-8)?
29
Let w(f) = 6*f**2 - f. Suppose 0 = 4*k - 245 + 477 - 240. Give w(k).
22
Let t = 12 - 15. Let v(i) be the first derivative of -i**4/4 - 2*i**3/3 - i**2 + 2*i - 51. Give v(t).
17
Let v(o) = -4*o**3 + 46*o**2 - 21*o - 7. Let c be v(11). Let s(g) = -15*g - 9. What is s(c)?
-69
Let x = -3335 + 3342. Let p(r) = 2*r**2 - 10*r - 17. What is p(x)?
11
Let o be 14*5/(3 + 2). Let l(s) = -10 - 12 + s - o + 37. What is l(-7)?
-6
Let l = 510 - 509. Let v(b) = -136*b**2 + 2*b + b**3 - b**3 + 135*b**2 + 4*b**3 - l. Let y be 8/6 - 3/9. Calculate v(y).
4
Let t(u) = 14*u - 6. Let d(s) = -5*s + 2. Let c(k) = -8*d(k) - 3*t(k). Suppose g - 10 = -g. Suppose -9 = g*j + 1. Determine c(j).
6
Let a(v) = -5*v**2 - 45*v + 45. Let g(f) = -2*f**2 - 23*f + 28. Let z(c) = -3*a(c) + 5*g(c). What is z(-4)?
5
Suppose -4*v = 4*b + 20, 5*b + 15 + 57 = -b. Let c(s) be the first derivative of -s**2 + 6*s - 1. Give c(v).
-8
Let u(f) = -103 + 0*f - 50 - 4*f - 36 + 223. What is u(-7)?
62
Suppose 0 = -6*p + 2*p + 4, 3*p + 9 = b. Let w(n) = n**2 - 14*n + 29. Let m be w(b). Let q(d) = -m*d**2 - 7*d + 5*d**2 + d**2 + 7. Calculate q(5).
-3
Let m(r) be the second derivative of -1/3*r**3 + 5/2*r**2 - 5 - 21*r. Let q(d) = d**2 - 5*d + 2. Let h be q(3). Give m(h).
13
Let r(j) = j**3 + 5*j + 6*j**2 + j**2 - 2*j**2. Let s be 4 - (0 - -2)*(-88)/(-1). Let u = 168 + s. Give r(u).
-4
Let c(n) = 9*n + 2. Suppose 0 = 17*b + 18086 - 18273. Determine c(b).
101
Suppose -2*m - 2 - 2 = 0. Let p(j) = 896*j + 21. Let o be p(3). Let c(h) = o - 2708 + h + h**3 + h**3 + 3*h**2. Calculate c(m).
-5
Let s(o) be the third derivative of -o**4/6 + 37*o**3/6 + 35*o**2. Let j = -26 + 37. Calculate s(j).
-7
Let y(a) = 294*a**3 + a - 295*a**3 - 42*a**2 + 40*a**2. Let f(x) = -x**3 + 6*x**2 - 12*x + 13. Let k be f(4). Determine y(k).
6
Let s(p) be the second derivative of -91*p**3/3 + 457*p**2 - 87*p - 16. Calculate s(5).
4
Let i(q) be the first derivative of -q**2/2 + q + 289. Let j be (1/(-2))/(2/(-16)). Let s be i(j). Let l(f) = f - 2. Calculate l(s).
-5
Let u(k) = k**2 + 6*k - 2. Let a be (-1)/6 - ((-669)/18 + -1). Suppose a = -8*h - 10. What is u(h)?
-2
Let b(j) = 2*j**3 - 3*j**2 - 3*j. Suppose -9*l - 2*l + 11 = 0. Let n be -4*(l/4 - (-4 - -5)). Determine b(n).
18
Let v(h) be the second derivative of h**4/12 + h**3 - h**2/2 + 6*h. Suppose 5*r - 3*r + 94 = 0. Let q = r - -40. Determine v(q).
6
Let q = 6 - 1. Let t(o) = -64*o**2 - 71*o**2 + 12*o + 133*o**2 - 2 - 8 + 6 + 2. Give t(q).
8
Let d(p) be the first derivative of p**3/3 + 19*p**2/2 - p - 3059. What is d(0)?
-1
Let j(w) be the third derivative of -w**6/120 + w**5/12 + w**4/12 - w**3/2 - 3910*w**2. Give j(4).
21
Let h(j) = 2*j - 3*j**2 + 6*j**2 - 309 - 317 - j - 2*j**3 + 624. Give h(2).
-4
Let f = -21426 + 21426. Let u(c) = -c + 6 + 5*c - 5*c + c**3. Determine u(f).
6
Let o be (-94)/(-3) - 16/48. Let n(d) = 41 - 11 + d - o. Calculate n(-1).
-2
Suppose -8625*r + 36 = -8613*r. Let y(m) = -3*m**3 + 2*m**2 - 2*m - 1. Calculate y(r).
-70
Let d be (-2 + 32/1080*66)/((-16)/12). Let t(m) be the third derivative of 1/6*m**4 + 0*m + 0 - d*m**5 - 1/6*m**3 - 4*m**2. What is t(3)?
-7
Let z(i) = -10 + 0*i - i + 9. Let c = -133 - -124. Let n = 13 + c. Determine z(n).
-5
Let d(o) = o**3 - 10*o**2 + 9*o + 6. Let u be 5 + -1 + 1 + -3. Let z be (-20)/(-5) - (u - 7). What is d(z)?
6
Let p(g) = -g**3 + 6*g**2 + 7*g + 7. Suppose 21*n - 24*n = -33. Let b = 18 - n. Determine p(b).
7
Let q(i) = -13*i**3 - 17*i - 8 + 5*i - 1107*i**2 + 1100*i**2. Let f(s) = -10*s**3 - 7*s**2 - 11*s - 8. Let c(j) = -4*f(j) + 3*q(j). Calculate c(-6).
-4
Let g be (-20 - 33 - -28)/(10/(-6)). Let q(j) = j**2 - 13*j - 39. Calculate q(g).
-9
Let w = -40 + 67. Let o = -32 + w. Let h(c) = 0*c + 4 - 5*c + 6*c. Give h(o).
-1
Let m = 84 - 78. Suppose 4*z + 2*w - 4 = 0, -m = -4*w + 2. Let c(b) = -b - 4. Give c(z).
-4
Let d(q) = -q + 4 + 4*q**2 - 8*q**3 - 52*q**3 + 29*q**3 + 32*q**3. Give d(-3).
16
Let s(a) be the third derivative of -a**6/120 + a**5/10 - a**4/12 + a**3/3 - 1545*a**2. Determine s(6).
-10
Let r(z) be the first derivative of z**3/3 + 3*z**2/2 - 10*z - 3549. What is r(-7)?
18
Suppose -2*a = -4*o + 40, 4*a - 24 = -0*o - 5*o. Let v(x) = x**3 - 8*x**2 - 3*x + 4. What is v(o)?
-20
Let u(l) = -l + 13. Let s = -124 + 128. Suppose -x + 7*b - 5*b = -8, -5*x - s*b - 16 = 0. Calculate u(x).
13
Let o(n) = -7 - 18 + 58 + 3*n - 32. Let x(v) be the first derivative of -v**2/2 + v - 4. Let i be x(4). Calculate o(i).
-8
Let u(v) = 4*v**3 + 6*v**2 + v + 1. Let d(q) = 3*q**3 - 5*q**2 + q - 1. Let f(x) = -2*d(x) + u(x). Determine f(8).
-5
Let n(j) = -j**2 - 8*j + 15. Let s = -8378 - -8381. Calculate n(s).
-18
Let y(k) = 14*k**2 + 5*k + 15. Let t(n) = -n + n + 7*n + 22*n**2 + 23. Let l(q) = 5*t(q) - 8*y(q). Determine l(-2).
-3
Suppose 6*v = 8*v - 8, 2*k - 5*v + 26 = 0. Let o(t) = -88*t - 258. What is o(k)?
6
Let p(j) = 2*j - 2. Let f be -3 + (-3)/(-6)*8. Let l be p(f). Let c(x) = 14*x**2 - 2 + 2*x - 12*x**2 + l*x + x**3. Determine c(-2).
-6
Let z(s) = -3*s - 6. Let t(h) = 8*h + 17. Let w(m) = 6*t(m) + 17*z(m). Suppose -2*p - 187 + 181 = 0. Give w(p).
9
Let h = -8 - -12. S